[INFO] cloning repository https://github.com/brianduff/heimdall
[INFO] running `Command { std: "git" "-c" "credential.helper=" "-c" "credential.helper=/workspace/cargo-home/bin/git-credential-null" "clone" "--bare" "https://github.com/brianduff/heimdall" "/workspace/cache/git-repos/https%3A%2F%2Fgithub.com%2Fbrianduff%2Fheimdall", kill_on_drop: false }`
[INFO] [stderr] Cloning into bare repository '/workspace/cache/git-repos/https%3A%2F%2Fgithub.com%2Fbrianduff%2Fheimdall'...
[INFO] running `Command { std: "git" "rev-parse" "HEAD", kill_on_drop: false }`
[INFO] [stdout] 60a56dc3777e6508d05dbeac4b57bede236cd39a
[INFO] building brianduff/heimdall against master#881c1ac408d93bb7adaa3a51dabab9266e82eee8 for issue-85264
[INFO] running `Command { std: "git" "clone" "/workspace/cache/git-repos/https%3A%2F%2Fgithub.com%2Fbrianduff%2Fheimdall" "/workspace/builds/worker-5/source", kill_on_drop: false }`
[INFO] [stderr] Cloning into '/workspace/builds/worker-5/source'...
[INFO] [stderr] done.
[INFO] validating manifest of git repo https://github.com/brianduff/heimdall on toolchain 881c1ac408d93bb7adaa3a51dabab9266e82eee8
[INFO] running `Command { std: "/workspace/cargo-home/bin/cargo" "+881c1ac408d93bb7adaa3a51dabab9266e82eee8" "metadata" "--manifest-path" "Cargo.toml" "--no-deps", kill_on_drop: false }`
[INFO] started tweaking git repo https://github.com/brianduff/heimdall
[INFO] finished tweaking git repo https://github.com/brianduff/heimdall
[INFO] tweaked toml for git repo https://github.com/brianduff/heimdall written to /workspace/builds/worker-5/source/Cargo.toml
[INFO] crate git repo https://github.com/brianduff/heimdall already has a lockfile, it will not be regenerated
[INFO] running `Command { std: "/workspace/cargo-home/bin/cargo" "+881c1ac408d93bb7adaa3a51dabab9266e82eee8" "fetch" "--manifest-path" "Cargo.toml", kill_on_drop: false }`
[INFO] [stderr]  Downloading crates ...
[INFO] [stderr]   Downloaded block-modes v0.7.0
[INFO] [stderr]   Downloaded plist v1.1.0
[INFO] [stderr]   Downloaded secret-service v1.1.3
[INFO] [stderr]   Downloaded clokwerk v0.3.4
[INFO] [stderr]   Downloaded keyring v0.10.1
[INFO] running `Command { std: "docker" "create" "-v" "/var/lib/crater-agent-workspace/builds/worker-5/target:/opt/rustwide/target:rw,Z" "-v" "/var/lib/crater-agent-workspace/builds/worker-5/source:/opt/rustwide/workdir:ro,Z" "-v" "/var/lib/crater-agent-workspace/cargo-home:/opt/rustwide/cargo-home:ro,Z" "-v" "/var/lib/crater-agent-workspace/rustup-home:/opt/rustwide/rustup-home:ro,Z" "-e" "SOURCE_DIR=/opt/rustwide/workdir" "-e" "CARGO_TARGET_DIR=/opt/rustwide/target" "-e" "CARGO_HOME=/opt/rustwide/cargo-home" "-e" "RUSTUP_HOME=/opt/rustwide/rustup-home" "-w" "/opt/rustwide/workdir" "-m" "1610612736" "--user" "0:0" "--network" "none" "ghcr.io/rust-lang/crates-build-env/linux@sha256:20528e8c29e4536546f0102ce88568b16ea7538393a33fcca951030f7af10457" "/opt/rustwide/cargo-home/bin/cargo" "+881c1ac408d93bb7adaa3a51dabab9266e82eee8" "metadata" "--no-deps" "--format-version=1", kill_on_drop: false }`
[INFO] [stdout] 69047e9b7e52c0031c8227ee4261caf151d662913789d96da1ce69d2364aae6c
[INFO] [stderr] WARNING: Your kernel does not support swap limit capabilities or the cgroup is not mounted. Memory limited without swap.
[INFO] running `Command { std: "docker" "start" "-a" "69047e9b7e52c0031c8227ee4261caf151d662913789d96da1ce69d2364aae6c", kill_on_drop: false }`
[INFO] running `Command { std: "docker" "inspect" "69047e9b7e52c0031c8227ee4261caf151d662913789d96da1ce69d2364aae6c", kill_on_drop: false }`
[INFO] running `Command { std: "docker" "rm" "-f" "69047e9b7e52c0031c8227ee4261caf151d662913789d96da1ce69d2364aae6c", kill_on_drop: false }`
[INFO] [stdout] 69047e9b7e52c0031c8227ee4261caf151d662913789d96da1ce69d2364aae6c
[INFO] running `Command { std: "docker" "create" "-v" "/var/lib/crater-agent-workspace/builds/worker-5/target:/opt/rustwide/target:rw,Z" "-v" "/var/lib/crater-agent-workspace/builds/worker-5/source:/opt/rustwide/workdir:ro,Z" "-v" "/var/lib/crater-agent-workspace/cargo-home:/opt/rustwide/cargo-home:ro,Z" "-v" "/var/lib/crater-agent-workspace/rustup-home:/opt/rustwide/rustup-home:ro,Z" "-e" "SOURCE_DIR=/opt/rustwide/workdir" "-e" "CARGO_TARGET_DIR=/opt/rustwide/target" "-e" "CARGO_INCREMENTAL=0" "-e" "RUST_BACKTRACE=full" "-e" "RUSTFLAGS=--cap-lints=forbid" "-e" "CARGO_HOME=/opt/rustwide/cargo-home" "-e" "RUSTUP_HOME=/opt/rustwide/rustup-home" "-w" "/opt/rustwide/workdir" "-m" "1610612736" "--user" "0:0" "--network" "none" "ghcr.io/rust-lang/crates-build-env/linux@sha256:20528e8c29e4536546f0102ce88568b16ea7538393a33fcca951030f7af10457" "/opt/rustwide/cargo-home/bin/cargo" "+881c1ac408d93bb7adaa3a51dabab9266e82eee8" "build" "--frozen" "--message-format=json", kill_on_drop: false }`
[INFO] [stdout] 5d3315628f38d6105fd778d0ff9228707e85a65c3c5b54074eeb1e2891393ef6
[INFO] [stderr] WARNING: Your kernel does not support swap limit capabilities or the cgroup is not mounted. Memory limited without swap.
[INFO] running `Command { std: "docker" "start" "-a" "5d3315628f38d6105fd778d0ff9228707e85a65c3c5b54074eeb1e2891393ef6", kill_on_drop: false }`
[INFO] [stderr]     Blocking waiting for file lock on package cache
[INFO] [stderr]    Compiling libc v0.2.89
[INFO] [stderr]    Compiling cfg-if v1.0.0
[INFO] [stderr]    Compiling log v0.4.14
[INFO] [stderr]    Compiling unicode-xid v0.1.0
[INFO] [stderr]    Compiling ppv-lite86 v0.2.10
[INFO] [stderr]    Compiling proc-macro2 v1.0.24
[INFO] [stderr]    Compiling getrandom v0.2.2
[INFO] [stderr]    Compiling syn v1.0.64
[INFO] [stderr]    Compiling serde_derive v1.0.124
[INFO] [stderr]    Compiling serde v1.0.124
[INFO] [stderr]    Compiling percent-encoding v1.0.1
[INFO] [stderr]    Compiling hashbrown v0.9.1
[INFO] [stderr]    Compiling typeable v0.1.2
[INFO] [stderr]    Compiling language-tags v0.2.2
[INFO] [stderr]    Compiling state v0.4.2
[INFO] [stderr]    Compiling lazycell v1.3.0
[INFO] [stderr]    Compiling same-file v1.0.6
[INFO] [stderr]    Compiling glob v0.3.0
[INFO] [stderr]    Compiling whoami v1.1.1
[INFO] [stderr]    Compiling regex-syntax v0.6.23
[INFO] [stderr]    Compiling anyhow v1.0.38
[INFO] [stderr]    Compiling match_cfg v0.1.0
[INFO] [stderr]    Compiling termcolor v1.1.2
[INFO] [stderr]    Compiling either v1.6.1
[INFO] [stderr]    Compiling num-traits v0.2.14
[INFO] [stderr]    Compiling num-integer v0.1.44
[INFO] [stderr]    Compiling indexmap v1.6.2
[INFO] [stderr]    Compiling pear_codegen v0.1.4
[INFO] [stderr]    Compiling num-bigint v0.3.2
[INFO] [stderr]    Compiling num-iter v0.1.42
[INFO] [stderr]    Compiling num-rational v0.3.2
[INFO] [stderr]    Compiling rocket_codegen v0.4.7
[INFO] [stderr]    Compiling rocket v0.4.7
[INFO] [stderr]    Compiling tinyvec v1.1.1
[INFO] [stderr]    Compiling unicase v1.4.2
[INFO] [stderr]    Compiling line-wrap v0.1.1
[INFO] [stderr]    Compiling base64 v0.9.3
[INFO] [stderr]    Compiling walkdir v2.3.1
[INFO] [stderr]    Compiling proc-macro2 v0.4.30
[INFO] [stderr]    Compiling itertools v0.10.0
[INFO] [stderr]    Compiling cipher v0.2.5
[INFO] [stderr]    Compiling universal-hash v0.4.0
[INFO] [stderr]    Compiling aead v0.3.2
[INFO] [stderr]    Compiling sha2 v0.9.3
[INFO] [stderr]    Compiling polyval v0.4.5
[INFO] [stderr]    Compiling log v0.3.9
[INFO] [stderr]    Compiling aes-soft v0.6.4
[INFO] [stderr]    Compiling ctr v0.6.0
[INFO] [stderr]    Compiling block-modes v0.7.0
[INFO] [stderr]    Compiling hkdf v0.10.0
[INFO] [stderr]    Compiling quote v0.6.13
[INFO] [stderr]    Compiling regex v1.4.5
[INFO] [stderr]    Compiling ghash v0.3.1
[INFO] [stderr]    Compiling unicode-normalization v0.1.17
[INFO] [stderr]    Compiling mime v0.2.6
[INFO] [stderr]    Compiling aes v0.6.0
[INFO] [stderr]    Compiling quote v1.0.9
[INFO] [stderr]    Compiling num-complex v0.3.1
[INFO] [stderr]    Compiling time v0.1.43
[INFO] [stderr]    Compiling num_cpus v1.13.0
[INFO] [stderr]    Compiling getrandom v0.1.16
[INFO] [stderr]    Compiling net2 v0.2.37
[INFO] [stderr]    Compiling iovec v0.1.4
[INFO] [stderr]    Compiling atty v0.2.14
[INFO] [stderr]    Compiling inotify-sys v0.1.5
[INFO] [stderr]    Compiling filetime v0.2.14
[INFO] [stderr]    Compiling dbus v0.2.3
[INFO] [stderr]    Compiling hostname v0.3.1
[INFO] [stderr]    Compiling syn v0.15.44
[INFO] [stderr]    Compiling aes-gcm v0.8.0
[INFO] [stderr]    Compiling rand_core v0.6.2
[INFO] [stderr]    Compiling rand_core v0.5.1
[INFO] [stderr]    Compiling mio v0.6.23
[INFO] [stderr]    Compiling chrono v0.4.19
[INFO] [stderr]    Compiling inotify v0.7.1
[INFO] [stderr]    Compiling idna v0.1.5
[INFO] [stderr]    Compiling rand_chacha v0.3.0
[INFO] [stderr]    Compiling rand_chacha v0.2.2
[INFO] [stderr]    Compiling rand v0.8.3
[INFO] [stderr]    Compiling env_logger v0.8.3
[INFO] [stderr]    Compiling rand v0.7.3
[INFO] [stderr]    Compiling url v1.7.2
[INFO] [stderr]    Compiling mio-extras v2.0.6
[INFO] [stderr]    Compiling clokwerk v0.3.4
[INFO] [stderr]    Compiling cookie v0.11.4
[INFO] [stderr]    Compiling notify v4.0.15
[INFO] [stderr]    Compiling hyper v0.10.16
[INFO] [stderr]    Compiling num v0.3.1
[INFO] [stderr]    Compiling secret-service v1.1.3
[INFO] [stderr]    Compiling keyring v0.10.1
[INFO] [stderr]    Compiling devise_core v0.2.0
[INFO] [stderr]    Compiling devise_codegen v0.2.0
[INFO] [stderr]    Compiling devise v0.2.0
[INFO] [stderr]    Compiling pear v0.1.4
[INFO] [stderr]    Compiling rocket_http v0.4.7
[INFO] [stderr]    Compiling toml v0.4.10
[INFO] [stderr]    Compiling serde_json v1.0.64
[INFO] [stderr]    Compiling plist v1.1.0
[INFO] [stderr]    Compiling rocket_contrib v0.4.7
[INFO] [stderr]    Compiling heimdall v0.1.0 (/opt/rustwide/workdir)
[INFO] [stdout] warning: the feature `let_chains` is incomplete and may not be safe to use and/or cause compiler crashes
[INFO] [stdout]  --> src/main.rs:1:44
[INFO] [stdout]   |
[INFO] [stdout] 1 | #![feature(proc_macro_hygiene, decl_macro, let_chains, backtrace)]
[INFO] [stdout]   |                                            ^^^^^^^^^^
[INFO] [stdout]   |
[INFO] [stdout]   = note: `#[warn(incomplete_features)]` on by default
[INFO] [stdout]   = note: see issue #53667 <https://github.com/rust-lang/rust/issues/53667> for more information
[INFO] [stdout] 
[INFO] [stdout] 
[INFO] [stdout] warning: unused import: `path::Path`
[INFO] [stdout]  --> src/config.rs:9:5
[INFO] [stdout]   |
[INFO] [stdout] 9 |     path::Path,
[INFO] [stdout]   |     ^^^^^^^^^^
[INFO] [stdout]   |
[INFO] [stdout]   = note: `#[warn(unused_imports)]` on by default
[INFO] [stdout] 
[INFO] [stdout] 
[INFO] [stdout] warning: unused import: `cloned`
[INFO] [stdout]  --> src/os.rs:2:17
[INFO] [stdout]   |
[INFO] [stdout] 2 | use itertools::{cloned, Itertools};
[INFO] [stdout]   |                 ^^^^^^
[INFO] [stdout] 
[INFO] [stdout] 
[INFO] [stdout] warning: unused import: `Schedule`
[INFO] [stdout]  --> src/runloop.rs:3:36
[INFO] [stdout]   |
[INFO] [stdout] 3 | use crate::config::{self, Instant, Schedule};
[INFO] [stdout]   |                                    ^^^^^^^^
[INFO] [stdout] 
[INFO] [stdout] 
[INFO] [stdout] error[E0277]: `*const i8` cannot be shared between threads safely
[INFO] [stdout]    --> src/os.rs:131:33
[INFO] [stdout]     |
[INFO] [stdout] 131 |   keyring.set_password(password)?;
[INFO] [stdout]     |                                 ^ `*const i8` cannot be shared between threads safely
[INFO] [stdout]     |
[INFO] [stdout]     = help: within `KeyringError`, the trait `Sync` is not implemented for `*const i8`
[INFO] [stdout]     = note: required because it appears within the type `dbus::ffi::DBusError`
[INFO] [stdout]     = note: required because it appears within the type `dbus::Error`
[INFO] [stdout]     = note: required because it appears within the type `secret_service::error::SsError`
[INFO] [stdout]     = note: required because it appears within the type `KeyringError`
[INFO] [stdout]     = note: required because of the requirements on the impl of `std::convert::From<KeyringError>` for `anyhow::Error`
[INFO] [stdout]     = note: required by `std::convert::From::from`
[INFO] [stdout] 
[INFO] [stdout] 
[INFO] [stdout] error[E0277]: `*const c_void` cannot be shared between threads safely
[INFO] [stdout]    --> src/os.rs:131:33
[INFO] [stdout]     |
[INFO] [stdout] 131 |   keyring.set_password(password)?;
[INFO] [stdout]     |                                 ^ `*const c_void` cannot be shared between threads safely
[INFO] [stdout]     |
[INFO] [stdout]     = help: within `KeyringError`, the trait `Sync` is not implemented for `*const c_void`
[INFO] [stdout]     = note: required because it appears within the type `dbus::ffi::DBusError`
[INFO] [stdout]     = note: required because it appears within the type `dbus::Error`
[INFO] [stdout]     = note: required because it appears within the type `secret_service::error::SsError`
[INFO] [stdout]     = note: required because it appears within the type `KeyringError`
[INFO] [stdout]     = note: required because of the requirements on the impl of `std::convert::From<KeyringError>` for `anyhow::Error`
[INFO] [stdout]     = note: required by `std::convert::From::from`
[INFO] [stdout] 
[INFO] [stdout] 
[INFO] [stdout] error[E0277]: `*const i8` cannot be shared between threads safely
[INFO] [stdout]    --> src/os.rs:140:28
[INFO] [stdout]     |
[INFO] [stdout] 140 |   Ok(keyring.get_password()?)
[INFO] [stdout]     |                            ^ `*const i8` cannot be shared between threads safely
[INFO] [stdout]     |
[INFO] [stdout]     = help: within `KeyringError`, the trait `Sync` is not implemented for `*const i8`
[INFO] [stdout]     = note: required because it appears within the type `dbus::ffi::DBusError`
[INFO] [stdout]     = note: required because it appears within the type `dbus::Error`
[INFO] [stdout]     = note: required because it appears within the type `secret_service::error::SsError`
[INFO] [stdout]     = note: required because it appears within the type `KeyringError`
[INFO] [stdout]     = note: required because of the requirements on the impl of `std::convert::From<KeyringError>` for `anyhow::Error`
[INFO] [stdout]     = note: required by `std::convert::From::from`
[INFO] [stdout] 
[INFO] [stdout] 
[INFO] [stdout] error[E0277]: `*const c_void` cannot be shared between threads safely
[INFO] [stdout]    --> src/os.rs:140:28
[INFO] [stdout]     |
[INFO] [stdout] 140 |   Ok(keyring.get_password()?)
[INFO] [stdout]     |                            ^ `*const c_void` cannot be shared between threads safely
[INFO] [stdout]     |
[INFO] [stdout]     = help: within `KeyringError`, the trait `Sync` is not implemented for `*const c_void`
[INFO] [stdout]     = note: required because it appears within the type `dbus::ffi::DBusError`
[INFO] [stdout]     = note: required because it appears within the type `dbus::Error`
[INFO] [stdout]     = note: required because it appears within the type `secret_service::error::SsError`
[INFO] [stdout]     = note: required because it appears within the type `KeyringError`
[INFO] [stdout]     = note: required because of the requirements on the impl of `std::convert::From<KeyringError>` for `anyhow::Error`
[INFO] [stdout]     = note: required by `std::convert::From::from`
[INFO] [stdout] 
[INFO] [stdout] 
[INFO] [stdout] error: aborting due to 4 previous errors; 4 warnings emitted
[INFO] [stdout] 
[INFO] [stdout] 
[INFO] [stdout] For more information about this error, try `rustc --explain E0277`.
[INFO] [stdout] 
[INFO] [stderr] error: could not compile `heimdall`
[INFO] [stderr] 
[INFO] [stderr] To learn more, run the command again with --verbose.
[INFO] running `Command { std: "docker" "inspect" "5d3315628f38d6105fd778d0ff9228707e85a65c3c5b54074eeb1e2891393ef6", kill_on_drop: false }`
[INFO] running `Command { std: "docker" "rm" "-f" "5d3315628f38d6105fd778d0ff9228707e85a65c3c5b54074eeb1e2891393ef6", kill_on_drop: false }`
[INFO] [stdout] 5d3315628f38d6105fd778d0ff9228707e85a65c3c5b54074eeb1e2891393ef6
